/(16/(-4))*-382 is divided by 32?
31
Let b be -3*(-1 - 4/(-3)). Let j = 4 + b. Let d = -5 + 9. What is the remainder when d is divided by j?
1
Calculate the remainder when (-23)/(0 + (-3)/15) is divided by 13.
11
Suppose 3*i + 5*w = 65, -2*i + 55 = -0*i + w. What is the remainder when 149 is divided by i?
29
Let b(y) = 0*y - 6*y - y + 8*y + 3. Let k = 3 - -5. Calculate the remainder when k is divided by b(0).
2
Let w(s) = -15*s + 1. Calculate the remainder when w(-1) is divided by 9.
7
Suppose 2*j - 2*r + 236 = 6*j, j + r - 59 = 0. Calculate the remainder when j is divided by 30.
29
Calculate the remainder when 64 is divided by 2/(-8) + (-1007)/(-76).
12
Let j be (8/(-10))/((-7)/(-35)). Let f = j + 8. Let w = 10 - -1. Calculate the remainder when w is divided by f.
3
Suppose -5*g + 81 = -2*g. Let m = 46 - 32. Calculate the remainder when g is divided by m.
13
Let r = -4 + 6. Suppose 4*l + 4*s - 26 = r*s, -l + 4*s + 29 = 0. What is the remainder when l is divided by 4?
1
Suppose 0 = c - 3, 4*w + c = 92 + 11. Calculate the remainder when w is divided by 7.
4
Let f = 78 + -165. Let y = 134 + f. Calculate the remainder when y is divided by 16.
15
Let j(z) = -z**3 + 9*z**2 + 3. What is the remainder when j(8) is divided by (19 - (1 - 1)) + -2?
16
Let n = 74 + -54. Calculate the remainder when n is divided by 11.
9
Let j = 93 - 64. Let a(d) = -43*d. Let v be a(-1). Suppose -3*n - 13 + v = 0. Calculate the remainder when j is divided by n.
9
Suppose 4*j - 49 = 139. What is the remainder when j is divided by 8?
7
Let s = 1 - -3. Let i be 2 + 5/((-10)/s). Suppose i*g - 66 = -3*g. What is the remainder when g is divided by 12?
10
Let q be ((-6 - -3) + 3)/2. Suppose 2*i - 7 - 19 = q. What is the remainder when i is divided by 8?
5
Let b(n) = -2*n + 3. Calculate the remainder when 26 is divided by b(-3).
8
Suppose -2*l + t - 3*t + 38 = 0, -2*l = -2*t - 18. Calculate the remainder when 52 is divided by l.
10
Suppose -5*d = -0*d - 10. Suppose 57 = y + d*y. What is the remainder when y is divided by 7?
5
Let g = -97 + 105. What is the remainder when 59 is divided by g?
3
Suppose -y + 15 = 5. Suppose 2*j = -u + 16, -8*j + 6*j + 10 = 0. What is the remainder when y is divided by u?
4
Let a(s) = 6*s**2 - 6*s + 3. Calculate the remainder when 27 is divided by a(2).
12
Suppose y + 16 - 28 = 0. Calculate the remainder when 71 is divided by y.
11
Let b(d) = d**2 - 4. Suppose 4*g = g + 27. Suppose a - 3*s = 12, g = -a + 3*a - s. What is the remainder when b(3) is divided by a?
2
Let a(f) = 20*f**3 + f - 1. What is the remainder when 58 is divided by a(1)?
18
Let o = -23 + 16. Let f = o - -1. What is the remainder when 7 is divided by (f/(-9))/((-2)/(-6))?
1
Suppose m - 96 = -2*l, -3*m + 7*m - 144 = -3*l. Suppose -z + 0*z + l = -5*n, -n + 3*z - 18 = 0. Let r = -5 - n. What is the remainder when r is divided by 3?
1
Let j(v) = -1. Let t be (-3 - (0 - 2)) + -2. Let l(s) = -2*s - 2. Let c(z) = t*j(z) - l(z). What is the remainder when c(4) is divided by 7?
6
Let q(p) = -p**3 - 6*p**2 - 6*p - 7. Let n be q(-5). Let h = 27 - 13. What is the remainder when (-414)/(-10) + n/5 is divided by h?
13
Suppose -v = 2*h - 10, h + 5*v - 10 = -h. What is the remainder when 23 is divided by -1 + h + -3 + 4?
3
Suppose 0 = 6*f + f - 28. Calculate the remainder when 14 is divided by f.
2
Let q(u) be the first derivative of u**3/3 + 2. Calculate the remainder when q(2) is divided by (-12)/(-3) + -2*1.
0
Let b(o) = 2*o**3 - 3*o**2 - 3*o + 4. Let r be 8/28 + (-19)/(-7). Let q be b(r). Suppose -5*a + q = 7. Calculate the remainder when 7 is divided by a.
1
Let t = 13 + -13. Let o(q) = 2*q**2 + 5*q + 5. Calculate the remainder when t + 0 + (64 - -1) is divided by o(-4).
14
Suppose -3*g + 2*s + 21 = -54, -5*g = -s - 118. Suppose 0 = -0*f - 4*f + 48. Calculate the remainder when g is divided by f.
11
Suppose 10 = 3*a - 2*n - 67, -5*a = 3*n - 141. Calculate the remainder when 79 is divided by a.
25
Suppose t = 2*k - 94, -3*k + 115 = -0*k + 5*t. What is the remainder when 84 is divided by k?
39
Let o(l) = l**2 + 2*l + 3. Suppose -8*p = -4*p + 32. Calculate the remainder when o(p) is divided by 18.
15
Let a = -46 - -62. Calculate the remainder when 62 is divided by a.
14
Let s = 2 + 0. Suppose -n - 2*n - i = -59, -s*i = -n + 15. Calculate the remainder when n is divided by 10.
9
Let x be ((-4)/10)/(3/(-15)). Suppose 0 = 3*l - x*t - 23, -3*l - 5*t - 5 = -0*l. What is the remainder when 13 is divided by l?
3
Let r = -21 + 26. Calculate the remainder when 14 is divided by r.
4
Suppose -a + 284 = 3*a. Suppose 51 = 2*c - 3*j, 5*c + 3*j - 4 = a. What is the remainder when c is divided by 10?
8
Let d = -21 + 23. Suppose 50 = -0*u + d*u. Calculate the remainder when u is divided by 13.
12
Let z(o) = o**3 - 7*o**2 + 5*o - 6. Let w be z(7). Let d = 47 - w. What is the remainder when 71 is divided by d?
17
Let x = -62 - -69. Calculate the remainder when 20 is divided by x.
6
Let v = -44 + 50. What is the remainder when 22 is divided by v?
4
Suppose -4*v + 3*l + 27 = -0*v, -2*l = -6. Let b(x) = -x**3 + 8*x**2 + 10*x - 5. Let g be b(v). Let q = 17 - g. What is the remainder when q is divided by 8?
5
Suppose i - 37 + 8 = 3*n, -4*i = 3*n - 176. Calculate the remainder when i is divided by 22.
19
Let l = -11 - -22. Calculate the remainder when l is divided by 4.
3
Suppose 6*b - 158 - 34 = 0. Calculate the remainder when b is divided by 17.
15
Let z(r) = -7*r - 12. What is the remainder when z(-12) is divided by 19?
15
Suppose 0 = -g + 3*p + 4, 5*g - 3*p - 28 = 52. What is the remainder when 29 is divided by g?
10
What is the remainder when 48 is divided by 312/32*(-4)/(-3)?
9
Let w = 79 - 33. Suppose 2*o - y = 3*y + 76, 5*o - 5*y - 195 = 0. Let x = o - 28. What is the remainder when w is divided by x?
10
Suppose -3*x + 5*x + 76 = -2*m, -4*m = 5*x + 190. Let h = -10 - x. What is the remainder when h is divided by 15?
13
Suppose 3 + 4 = 5*s + 4*j, -s - 3*j - 3 = 0. Let i(d) = 2*d + 4. Suppose -3*h = -17 + 5. What is the remainder when i(s) is divided by h?
2
Suppose 0 = -g - 4*h + 18, 3*g = 5*h - 17 + 3. Suppose -2*f = x + 76, 35 + 41 = -2*f - g*x. Calculate the remainder when f/((0 - -2)*-1) is divided by 7.
5
Let c(g) = -g**2 + 7*g + 10. Let y be c(8). Suppose p - 25 = -p + 3*l, -y*l = 3*p - 57. What is the remainder when p is divided by 6?
5
Calculate the remainder when 89 is divided by (-1)/(6/(-141)) + (-2)/4.
20
Suppose -75 = 4*p + 549. What is the remainder when p/(-8)*(-2)/(-3) is divided by 7?
6
Let y(p) = p**3 + 8*p**2 + 5*p + 9. Let w be y(-7). Suppose -98 + w = -4*g + t, 4*g = 5*t + 87. What is the remainder when 70 is divided by g?
16
Suppose -5*v + 45 = -15. Calculate the remainder when v is divided by 7.
5
Let o be (-92)/(-28) - (-4)/(-14). Suppose -3*l = 5*y + 9, -o*y - 19 = 2*l - 4*y. Let p = l - -42. Calculate the remainder when p is divided by 12.
10
Let m(o) = 114*o + 2. Let y be 2/4 - 10/4. Let j be m(y). What is the remainder when (-2)/(-5) + j/(-10) is divided by 12?
11
Let n be -3 + 0 - 20/(-5). Suppose 0*f - 2*f = -44. Calculate the remainder when f is divided by n/(31/(-8) + 4).
6
Suppose 17*y - 13*y - 28 = 0. Calculate the remainder when 19 is divided by y.
5
Let i = -11 - -20. Suppose -i*d + 4*d + 280 = 0. Calculate the remainder when d is divided by 15.
11
Let l(m) = -m**3 - 4*m**2 - m + 3. Let g = 1 + -5. Calculate the remainder when 13 is divided by l(g).
6
Let w(y) = -y**2 + 8*y + 9. Let l = 1 - -27. Suppose 0 = 5*m + 20, v + 4*m = 3*v - l. Calculate the remainder when w(7) is divided by v.
4
Suppose 0 = -9*p + 14*p - 385. Calculate the remainder when p is divided by 20.
17
Let v(p) be the third derivative of -p**5/60 + 7*p**4/24 + 2*p**2. Calculate the remainder when 29 is divided by v(5).
9
Let q(l) = -l**3 - 8*l**2 - 7*l + 8. What is the remainder when q(-7) is divided by 5?
3
Let r(i) = i**2 - 5*i - 8. Let y be r(7). Let x(p) = 5*p - 5. Calculate the remainder when x(y) is divided by (-356)/(-28) - (-2)/7.
12
Let w be (-3)/(6/(-2)) + 1. Suppose 0 = -5*k - 5*j + 2 + 23, w*k - 2*j - 14 = 0. Calculate the remainder when k is divided by 3.
0
Suppose -174 + 450 = 4*k. Calculate the remainder when k is divided by 18.
15
Let j(x) = 2*x**2 - 10*x - 41. What is the remainder when j(1